onvert -15450131 (base 6) to base 7.
-4452664
What is 4524142 (base 7) in base 16?
88ef4
What is 1431334303 (base 5) in base 11?
2150069
Convert 54006672 (base 8) to base 5.
10423202400
Convert 3225c (base 13) to base 14.
24d9a
What is -4380a (base 11) in base 10?
-63535
What is -18494 (base 13) in base 10?
-46934
Convert -100010001111110011001011 (base 2) to base 16.
-88fccb
What is 4b541 (base 13) in base 3?
21002002121
What is 638078 (base 9) in base 14?
9c624
Convert -79597a (base 12) to base 7.
-22322353
-624615 (base 9) to base 10
-370832
What is 172323 (base 10) in base 9?
282340
2321200030 (base 4) to base 10
759820
Convert 55604 (base 14) to base 6.
4234124
What is -22021000221210 (base 3) in base 16?
-42fc75
Convert 16817a (base 12) to base 11.
244aa0
-5505043 (base 6) to base 4
-1002231303
What is 1388511 (base 10) in base 4?
11102333133
177814 (base 11) to base 9
456564
Convert -2243012 (base 5) to base 6.
-510542
457473 (base 9) to base 14
7206a
What is -2811942 (base 13) in base 3?
-212211000011200
-102210232 (base 4) to base 12
-3803a
What is 22011011211200 (base 3) in base 2?
10000100010000011011100
Convert 366624 (base 9) to base 7.
1611316
-17901 (base 14) to base 16
-e7fd
Convert -30505251 (base 6) to base 10.
-879871
What is 201203123 (base 4) in base 7?
1111454
1c63528 (base 13) to base 3
122210200021101
What is 41c01 (base 13) in base 11?
81010
Convert 10101010011101111010000 (base 2) to base 9.
11453334
Convert -15437251 (base 8) to base 11.
-2008a05
-6504102 (base 8) to base 10
-1738818
Convert -175748 (base 12) to base 2.
-1100010100011101000
55416a (base 12) to base 6
45013014
Convert -370181 (base 11) to base 16.
-8f07a
Convert 34351aa (base 11) to base 2.
10110111011001101101010
70684 (base 9) to base 16
b599
Convert -117511 (base 8) to base 2.
-1001111101001001
What is 10223303424 (base 5) in base 12?
372a934
What is -4c988 (base 14) in base 15?
-3aca1
Convert 153533043 (base 6) to base 11.
1929358
Convert -26a9046 (base 12) to base 15.
-a1cd86
-18051b5 (base 12) to base 6
-254505145
Convert -112854 (base 10) to base 15.
-23689
What is -e3db (base 16) in base 5?
-3331311
1b83b21 (base 12) to base 16
59f689
Convert -37975 (base 13) to base 9.
-165757
What is 83d96e (base 15) in base 12?
212617b
1323838 (base 11) to base 6
121021114
Convert -225609 (base 12) to base 2.
-10000101111100101001
Convert 12254264 (base 7) to base 6.
35412132
f5f6b (base 16) to base 3
1220011222121
What is -1d87a (base 16) in base 13?
-43092
Convert 101001101 (base 3) to base 16.
1c9f
What is 31ab (base 12) in base 10?
5459
Convert 49cdeb (base 16) to base 6.
251400443
Convert 6005736 (base 8) to base 16.
180bde
Convert 10110010010110001100110 (base 2) to base 15.
7a689a
-12500456 (base 7) to base 3
-2011002001112
Convert -2043145 (base 6) to base 14.
-28225
Convert 779b43 (base 14) to base 16.
3df5af
Convert 53501 (base 6) to base 9.
11021
What is -56861 (base 9) in base 6?
-451214
Convert -2a310d (base 16) to base 7.
-32334266
What is 111101000011011101001 (base 2) in base 10?
2000617
Convert 10572544 (base 9) to base 2.
10011100011011110011100
Convert -53333241 (base 6) to base 15.
-20e724
Convert -368165 (base 12) to base 11.
-554977
-545583 (base 13) to base 2
-111100100000010110110
What is -101001110101110001100 (base 2) in base 4?
-11032232030
What is -792197 (base 10) in base 4?
-3001122011
-2cc25 (base 13) to base 11
-592a9
-200222012100 (base 3) to base 7
-3113415
132310222333 (base 4) to base 6
445103411
What is b67515 (base 12) in base 13?
79843a
-297da (base 15) to base 8
-404435
What is -1011110100100010111 (base 2) in base 14?
-a123d
Convert -27899 (base 11) to base 5.
-2232200
What is -36d406 (base 16) in base 12?
-12534b2
-2ab29 (base 16) to base 11
-10a440
Convert -1001100000011000011 (base 2) to base 13.
-aba1b
What is f6c67 (base 16) in base 6?
33355331
Convert -92221 (base 10) to base 15.
-1c4d1
Convert -10530034 (base 6) to base 14.
-8587c
-23834 (base 13) to base 16
-fe54
What is -63895 (base 12) in base 14?
-35997
255525233 (base 6) to base 2
10011001101001101010101
-172a78 (base 11) to base 16
-414e7
What is 180483 (base 14) in base 11?
528718
Convert -371138 (base 9) to base 13.
-7abc7
-2130130142 (base 5) to base 6
-241121213
Convert -17860e (base 15) to base 7.
-12464531
What is 12322333 (base 4) in base 14?
a491
Convert 21cea6 (base 16) to base 13.
5c7600
Convert 260330 (base 10) to base 8.
774352
What is 20026216 (base 7) in base 11?
a2a799
Convert -f3703 (base 16) to base 5.
-223401443
Convert -13635625 (base 7) to base 13.
-3607a5
What is -140343340 (base 5) in base 2?
-10101110101011001110
-114761 (base 12) to base 5
-32340221
What is -11100001110100000001001 (base 2) in base 3?
-111220221010002
175255 (base 13) to base 15
b795d
What is -70ffc4 (base 16) in base 7?
-116642255
What is 1193e7 (base 15) in base 4?
3031120303
450032 (base 8) to base 3
21200221000
Convert 24048173 (base 9) to base 2.
101100101110010010010101
Convert -222c8 (base 14) to base 10.
-82888
-1101000100101111100100 (base 2) to base 5
-1334133200
What is a41731 (base 14) in base 15?
7454ad
Convert 1001220210102 (base 3) to base 8.
2127556
What is -1063033 (base 7) in base 11?
-91008
Convert 200210221202000 (base 3) to base 16.
988ede
Convert 155185 (base 12) to base 6.
11425045
What is -11200120110 (base 3) in base 14?
-258ab
Convert -4a8286 (base 11) to base 15.
-10c79d
3472442 (base 8) to base 13
27235b
Convert 1038b (base 15) to base 10.
51431
535141 (base 11) to base 7
10163424
-14454024 (base 7) to base 16
-14fa2a
116472 (base 10) to base 8
343370
Convert -767b86 (base 12) to base 2.
-111001010111111010110
Convert -100100011101010000 (base 2) to base 9.
-246750
What is -213068 (base 9) in base 12?
-61538
What is 87166 (base 9) in base 4?
32012010
2330124 (base 6) to base 4
131130010
What is -42020210 (base 5) in base 3?
-122112022211
-7ac73 (base 14) to base 9
-504785
What is -31131031 (base 8) in base 15?
-8a54b3
121133030033 (base 4) to base 8
31371417
1027413 (base 9) to base 8
2062162
7a2c3b (base 13) to base 10
2891133
-5235b (base 13) to base 10
-147782
Convert -211212301 (base 4) to base 7.
-1211035
Convert 100001001101011000011110 (base 2) to base 5.
4212034231
What is -84b1a (base 12) in base 16?
-2a946
Convert -60b09 (base 14) to base 8.
-706325
Convert 1211541 (base 6) to base 4.
33212311
What is -571187 (base 13) in base 3?
-10212121020102
What is -26341100 (base 7) in base 15?
-32a132
What is 141442431 (base 6) in base 5?
1214223044
What is 31325104 (base 6) in base 4?
3133001200
What is -15476a0 (base 14) in base 16?
-9e950c
-430515 (base 7) to base 12
-37280
-94635 (base 11) to base 15
-2aca7
-25042410 (base 7) to base 6
-120045200
Convert -1451507 (base 10) to base 5.
-332422012
What is -120672 (base 9) in base 10?
-72722
What is 412893 (base 12) in base 16?
f936f
Convert 81a46 (base 14) to base 3.
120212010001
-1273316 (base 8) to base 12
-153292
What is 10000303031 (base 4) in base 3?
1222102212112
What is 373484 (base 10) in base 7?
3113606
Convert -18300b4 (base 12) to base 16.
-4ce388
-1011000001101111101 (base 2) to base 16
-5837d
Convert -1542545 (base 7) to base 10.
-212252
What is -765434 (base 8) in base 12?
-104738
Convert -103012302200 (base 4) to base 11.
-2910aa2
62238 (base 10) to base 2
1111001100011110
What is 100121220033 (base 4) in base 7?
51354225
-1633552 (base 7) to base 11
-145609
Convert 101010111101001100110 (base 2) to base 9.
2574758
2022122110 (base 3) to base 16
b265
2135153 (base 8) to base 2
10001011101001101011
What is -4801603 (base 9) in base 3?
-11220001200010
What is 44184 (base 10) in base 7?
242550
-11100011001110010110101 (base 2) to base 5
-3401230220
-15a93 (base 12) to base 10
-30927
What is 222220102010 (base 3) in base 9?
886363
Convert 502135 (base 8) to base 3.
22101021112
-103112130 (base 4) to base 5
-10014020
3303333301 (base 4) to base 6
33230521
-30140 (base 6) to base 15
-1283
-122221010222100 (base 3) to base 7
-143666466
What is -62553 (base 7) in base 16?
-3c0f
What is -10210212112 (base 3) in base 12?
-37495
33310000 (base 4) to base 10
64768
-1221011221 (base 3) to base 5
-2204131
Convert -10b5408 (base 12) to base 10.
-3223304
Convert -8bc16b (base 15) t